{"id":8399,"date":"2016-04-25T08:11:46","date_gmt":"2016-04-25T06:11:46","guid":{"rendered":"http:\/\/1001voyagesgourmands.com\/wp-content\/uploads\/2016\/04\/Bois_de_Hal-10.jpg"},"modified":"2016-04-25T18:37:06","modified_gmt":"2016-04-25T16:37:06","slug":"bois_de_hal-10","status":"inherit","type":"attachment","link":"https:\/\/1001voyagesgourmands.com\/cs\/mysticky-les-bois-de-hal\/bois_de_hal-10\/","title":{"rendered":"Bois_de_Hal-10"},"author":1,"featured_media":0,"comment_status":"open","ping_status":"closed","template":"","meta":{"_exactmetrics_skip_tracking":false,"_exactmetrics_sitenote_active":false,"_exactmetrics_sitenote_note":"","_exactmetrics_sitenote_category":0,"_lmt_disableupdate":"","_lmt_disable":""},"class_list":["post-8399","attachment","type-attachment","status-inherit","hentry"],"yoast_head":"<!-- This site is optimized with the Yoast SEO plugin v26.1.1 - https:\/\/yoast.com\/wordpress\/plugins\/seo\/ -->\n<title>Bois_de_Hal-10 - 1001 Voyages Gourmands<\/title>\n<meta name=\"robots\" content=\"index, follow, max-snippet:-1, max-image-preview:large, max-video-preview:-1\" \/>\n<link rel=\"canonical\" href=\"https:\/\/1001voyagesgourmands.com\/cs\/mysticky-les-bois-de-hal\/bois_de_hal-10\/\" \/>\n<meta property=\"og:locale\" content=\"cs_CZ\" \/>\n<meta property=\"og:type\" content=\"article\" \/>\n<meta property=\"og:title\" content=\"Bois_de_Hal-10 - 1001 Voyages Gourmands\" \/>\n<meta property=\"og:description\" content=\"P\u00e1r kilometr\u016f od Bruselu najdete jedine\u010dn\u00fd les Hallerbos (holandsky) neboli Bois de Hal (francouzsky), kter\u00fd se na konci dubna m\u011bn\u00ed v mystick\u00e9 m\u00edsto &#8211; tis\u00edce modr\u00fdch zvonk\u016f tu vytvo\u0159\u00ed modr\u00fd kv\u011btinov\u00fd koberec.\" \/>\n<meta property=\"og:url\" content=\"https:\/\/1001voyagesgourmands.com\/cs\/mysticky-les-bois-de-hal\/bois_de_hal-10\/\" \/>\n<meta property=\"og:site_name\" content=\"1001 Voyages Gourmands\" \/>\n<meta property=\"article:publisher\" content=\"https:\/\/www.facebook.com\/1001voyagesgourmands\" \/>\n<meta property=\"article:modified_time\" content=\"2016-04-25T16:37:06+00:00\" \/>\n<meta property=\"og:image\" content=\"https:\/\/1001voyagesgourmands.com\/wp-content\/uploads\/2016\/04\/Bois_de_Hal-10.jpg\" \/>\n\t<meta property=\"og:image:width\" content=\"800\" \/>\n\t<meta property=\"og:image:height\" content=\"530\" \/>\n\t<meta property=\"og:image:type\" content=\"image\/jpeg\" \/>\n<meta name=\"twitter:card\" content=\"summary_large_image\" \/>\n<meta name=\"twitter:site\" content=\"@michaela_1001vg\" \/>\n<script type=\"application\/ld+json\" class=\"yoast-schema-graph\">{\"@context\":\"https:\/\/schema.org\",\"@graph\":[{\"@type\":\"WebPage\",\"@id\":\"https:\/\/1001voyagesgourmands.com\/cs\/mysticky-les-bois-de-hal\/bois_de_hal-10\/\",\"url\":\"https:\/\/1001voyagesgourmands.com\/cs\/mysticky-les-bois-de-hal\/bois_de_hal-10\/\",\"name\":\"Bois_de_Hal-10 - 1001 Voyages Gourmands\",\"isPartOf\":{\"@id\":\"https:\/\/1001voyagesgourmands.com\/cs\/#website\"},\"datePublished\":\"2016-04-25T06:11:46+00:00\",\"dateModified\":\"2016-04-25T16:37:06+00:00\",\"breadcrumb\":{\"@id\":\"https:\/\/1001voyagesgourmands.com\/cs\/mysticky-les-bois-de-hal\/bois_de_hal-10\/#breadcrumb\"},\"inLanguage\":\"cs\",\"potentialAction\":[{\"@type\":\"ReadAction\",\"target\":[\"https:\/\/1001voyagesgourmands.com\/cs\/mysticky-les-bois-de-hal\/bois_de_hal-10\/\"]}]},{\"@type\":\"BreadcrumbList\",\"@id\":\"https:\/\/1001voyagesgourmands.com\/cs\/mysticky-les-bois-de-hal\/bois_de_hal-10\/#breadcrumb\",\"itemListElement\":[{\"@type\":\"ListItem\",\"position\":1,\"name\":\"Dom\u016f\",\"item\":\"https:\/\/1001voyagesgourmands.com\/cs\/\"},{\"@type\":\"ListItem\",\"position\":2,\"name\":\"Mystick\u00fd les Bois de Hal\",\"item\":\"https:\/\/1001voyagesgourmands.com\/cs\/mysticky-les-bois-de-hal\/\"},{\"@type\":\"ListItem\",\"position\":3,\"name\":\"Bois_de_Hal-10\"}]},{\"@type\":\"WebSite\",\"@id\":\"https:\/\/1001voyagesgourmands.com\/cs\/#website\",\"url\":\"https:\/\/1001voyagesgourmands.com\/cs\/\",\"name\":\"1001 Voyages Gourmands\",\"description\":\"Food | Travel | Photography\",\"potentialAction\":[{\"@type\":\"SearchAction\",\"target\":{\"@type\":\"EntryPoint\",\"urlTemplate\":\"https:\/\/1001voyagesgourmands.com\/cs\/?s={search_term_string}\"},\"query-input\":{\"@type\":\"PropertyValueSpecification\",\"valueRequired\":true,\"valueName\":\"search_term_string\"}}],\"inLanguage\":\"cs\"}]}<\/script>\n<!-- \/ Yoast SEO plugin. -->","yoast_head_json":{"title":"Bois_de_Hal-10 - 1001 Voyages Gourmands","robots":{"index":"index","follow":"follow","max-snippet":"max-snippet:-1","max-image-preview":"max-image-preview:large","max-video-preview":"max-video-preview:-1"},"canonical":"https:\/\/1001voyagesgourmands.com\/cs\/mysticky-les-bois-de-hal\/bois_de_hal-10\/","og_locale":"cs_CZ","og_type":"article","og_title":"Bois_de_Hal-10 - 1001 Voyages Gourmands","og_description":"P\u00e1r kilometr\u016f od Bruselu najdete jedine\u010dn\u00fd les Hallerbos (holandsky) neboli Bois de Hal (francouzsky), kter\u00fd se na konci dubna m\u011bn\u00ed v mystick\u00e9 m\u00edsto &#8211; tis\u00edce modr\u00fdch zvonk\u016f tu vytvo\u0159\u00ed modr\u00fd kv\u011btinov\u00fd koberec.","og_url":"https:\/\/1001voyagesgourmands.com\/cs\/mysticky-les-bois-de-hal\/bois_de_hal-10\/","og_site_name":"1001 Voyages Gourmands","article_publisher":"https:\/\/www.facebook.com\/1001voyagesgourmands","article_modified_time":"2016-04-25T16:37:06+00:00","og_image":[{"width":800,"height":530,"url":"https:\/\/1001voyagesgourmands.com\/wp-content\/uploads\/2016\/04\/Bois_de_Hal-10.jpg","type":"image\/jpeg"}],"twitter_card":"summary_large_image","twitter_site":"@michaela_1001vg","schema":{"@context":"https:\/\/schema.org","@graph":[{"@type":"WebPage","@id":"https:\/\/1001voyagesgourmands.com\/cs\/mysticky-les-bois-de-hal\/bois_de_hal-10\/","url":"https:\/\/1001voyagesgourmands.com\/cs\/mysticky-les-bois-de-hal\/bois_de_hal-10\/","name":"Bois_de_Hal-10 - 1001 Voyages Gourmands","isPartOf":{"@id":"https:\/\/1001voyagesgourmands.com\/cs\/#website"},"datePublished":"2016-04-25T06:11:46+00:00","dateModified":"2016-04-25T16:37:06+00:00","breadcrumb":{"@id":"https:\/\/1001voyagesgourmands.com\/cs\/mysticky-les-bois-de-hal\/bois_de_hal-10\/#breadcrumb"},"inLanguage":"cs","potentialAction":[{"@type":"ReadAction","target":["https:\/\/1001voyagesgourmands.com\/cs\/mysticky-les-bois-de-hal\/bois_de_hal-10\/"]}]},{"@type":"BreadcrumbList","@id":"https:\/\/1001voyagesgourmands.com\/cs\/mysticky-les-bois-de-hal\/bois_de_hal-10\/#breadcrumb","itemListElement":[{"@type":"ListItem","position":1,"name":"Dom\u016f","item":"https:\/\/1001voyagesgourmands.com\/cs\/"},{"@type":"ListItem","position":2,"name":"Mystick\u00fd les Bois de Hal","item":"https:\/\/1001voyagesgourmands.com\/cs\/mysticky-les-bois-de-hal\/"},{"@type":"ListItem","position":3,"name":"Bois_de_Hal-10"}]},{"@type":"WebSite","@id":"https:\/\/1001voyagesgourmands.com\/cs\/#website","url":"https:\/\/1001voyagesgourmands.com\/cs\/","name":"1001 Voyages Gourmands","description":"Food | Travel | Photography","potentialAction":[{"@type":"SearchAction","target":{"@type":"EntryPoint","urlTemplate":"https:\/\/1001voyagesgourmands.com\/cs\/?s={search_term_string}"},"query-input":{"@type":"PropertyValueSpecification","valueRequired":true,"valueName":"search_term_string"}}],"inLanguage":"cs"}]}},"description":{"rendered":"<p class=\"attachment\"><a href='https:\/\/1001voyagesgourmands.com\/wp-content\/uploads\/2016\/04\/Bois_de_Hal-10.jpg' data-rel=\"penci-gallery-image-content\" ><img loading=\"lazy\" decoding=\"async\" width=\"300\" height=\"199\" src=\"https:\/\/1001voyagesgourmands.com\/wp-content\/uploads\/2016\/04\/Bois_de_Hal-10-300x199.jpg\" class=\"attachment-medium size-medium\" alt=\"P\u00e1r kilometr\u016f od Bruselu najdete jedine\u010dn\u00fd les Hallerbos (holandsky) neboli Bois de Hal (francouzsky), kter\u00fd se na konci dubna m\u011bn\u00ed v mystick\u00e9 m\u00edsto - tis\u00edce modr\u00fdch zvonk\u016f tu vytvo\u0159\u00ed modr\u00fd kv\u011btinov\u00fd koberec.\" srcset=\"https:\/\/1001voyagesgourmands.com\/wp-content\/uploads\/2016\/04\/Bois_de_Hal-10-300x199.jpg 300w, https:\/\/1001voyagesgourmands.com\/wp-content\/uploads\/2016\/04\/Bois_de_Hal-10-768x509.jpg 768w, https:\/\/1001voyagesgourmands.com\/wp-content\/uploads\/2016\/04\/Bois_de_Hal-10-780x516.jpg 780w, https:\/\/1001voyagesgourmands.com\/wp-content\/uploads\/2016\/04\/Bois_de_Hal-10-585x388.jpg 585w, https:\/\/1001voyagesgourmands.com\/wp-content\/uploads\/2016\/04\/Bois_de_Hal-10-263x175.jpg 263w, https:\/\/1001voyagesgourmands.com\/wp-content\/uploads\/2016\/04\/Bois_de_Hal-10.jpg 800w\" sizes=\"auto, (max-width: 300px) 100vw, 300px\" \/><\/a><\/p>\n<p>P\u00e1r kilometr\u016f od Bruselu najdete jedine\u010dn\u00fd les Hallerbos (holandsky) neboli Bois de Hal (francouzsky), kter\u00fd se na konci dubna m\u011bn\u00ed v mystick\u00e9 m\u00edsto &#8211; tis\u00edce modr\u00fdch zvonk\u016f tu vytvo\u0159\u00ed modr\u00fd kv\u011btinov\u00fd koberec. <\/p>\n"},"caption":{"rendered":"<p>P\u00e1r kilometr\u016f od Bruselu najdete jedine\u010dn\u00fd les Hallerbos (holandsky) neboli Bois de Hal (francouzsky), kter\u00fd se na konci dubna m\u011bn\u00ed v mystick\u00e9 m\u00edsto &#8211; tis\u00edce modr\u00fdch zvonk\u016f tu vytvo\u0159\u00ed modr\u00fd kv\u011btinov\u00fd koberec.<\/p>\n"},"alt_text":"P\u00e1r kilometr\u016f od Bruselu najdete jedine\u010dn\u00fd les Hallerbos (holandsky) neboli Bois de Hal (francouzsky), kter\u00fd se na konci dubna m\u011bn\u00ed v mystick\u00e9 m\u00edsto - tis\u00edce modr\u00fdch zvonk\u016f tu vytvo\u0159\u00ed modr\u00fd kv\u011btinov\u00fd koberec.","media_type":"image","mime_type":"image\/jpeg","media_details":{"width":800,"height":530,"file":"2016\/04\/Bois_de_Hal-10.jpg","sizes":{"medium":{"file":"Bois_de_Hal-10-300x199.jpg","width":300,"height":199,"mime_type":"image\/jpeg","source_url":"https:\/\/1001voyagesgourmands.com\/wp-content\/uploads\/2016\/04\/Bois_de_Hal-10-300x199.jpg"},"medium_large":{"file":"Bois_de_Hal-10-768x509.jpg","width":768,"height":509,"mime_type":"image\/jpeg","source_url":"https:\/\/1001voyagesgourmands.com\/wp-content\/uploads\/2016\/04\/Bois_de_Hal-10-768x509.jpg"},"penci-magazine-slider":{"file":"Bois_de_Hal-10-780x516.jpg","width":780,"height":516,"mime_type":"image\/jpeg","source_url":"https:\/\/1001voyagesgourmands.com\/wp-content\/uploads\/2016\/04\/Bois_de_Hal-10-780x516.jpg"},"penci-thumb":{"file":"Bois_de_Hal-10-585x390.jpg","width":585,"height":390,"mime_type":"image\/jpeg","source_url":"https:\/\/1001voyagesgourmands.com\/wp-content\/uploads\/2016\/04\/Bois_de_Hal-10-585x390.jpg"},"penci-masonry-thumb":{"file":"Bois_de_Hal-10-585x388.jpg","width":585,"height":388,"mime_type":"image\/jpeg","source_url":"https:\/\/1001voyagesgourmands.com\/wp-content\/uploads\/2016\/04\/Bois_de_Hal-10-585x388.jpg"},"penci-thumb-square":{"file":"Bois_de_Hal-10-585x530.jpg","width":585,"height":530,"mime_type":"image\/jpeg","source_url":"https:\/\/1001voyagesgourmands.com\/wp-content\/uploads\/2016\/04\/Bois_de_Hal-10-585x530.jpg"},"penci-thumb-vertical":{"file":"Bois_de_Hal-10-480x530.jpg","width":480,"height":530,"mime_type":"image\/jpeg","source_url":"https:\/\/1001voyagesgourmands.com\/wp-content\/uploads\/2016\/04\/Bois_de_Hal-10-480x530.jpg"},"penci-thumb-small":{"file":"Bois_de_Hal-10-263x175.jpg","width":263,"height":175,"mime_type":"image\/jpeg","source_url":"https:\/\/1001voyagesgourmands.com\/wp-content\/uploads\/2016\/04\/Bois_de_Hal-10-263x175.jpg"},"jr_insta_square":{"file":"Bois_de_Hal-10-640x530.jpg","width":640,"height":530,"mime_type":"image\/jpeg","source_url":"https:\/\/1001voyagesgourmands.com\/wp-content\/uploads\/2016\/04\/Bois_de_Hal-10-640x530.jpg"},"full":{"file":"Bois_de_Hal-10.jpg","width":800,"height":530,"mime_type":"image\/jpeg","source_url":"https:\/\/1001voyagesgourmands.com\/wp-content\/uploads\/2016\/04\/Bois_de_Hal-10.jpg"}},"image_meta":{"aperture":"11","credit":"","camera":"NIKON D5100","caption":"","created_timestamp":"1461513439","copyright":"","focal_length":"50","iso":"640","shutter_speed":"0.016666666666667","title":"","orientation":"1","keywords":[]}},"post":8378,"source_url":"https:\/\/1001voyagesgourmands.com\/wp-content\/uploads\/2016\/04\/Bois_de_Hal-10.jpg","_links":{"self":[{"href":"https:\/\/1001voyagesgourmands.com\/cs\/wp-json\/wp\/v2\/media\/8399","targetHints":{"allow":["GET"]}}],"collection":[{"href":"https:\/\/1001voyagesgourmands.com\/cs\/wp-json\/wp\/v2\/media"}],"about":[{"href":"https:\/\/1001voyagesgourmands.com\/cs\/wp-json\/wp\/v2\/types\/attachment"}],"author":[{"embeddable":true,"href":"https:\/\/1001voyagesgourmands.com\/cs\/wp-json\/wp\/v2\/users\/1"}],"replies":[{"embeddable":true,"href":"https:\/\/1001voyagesgourmands.com\/cs\/wp-json\/wp\/v2\/comments?post=8399"}],"wp:attached-to":[{"embeddable":true,"post_type":"post","id":8378,"href":"https:\/\/1001voyagesgourmands.com\/cs\/wp-json\/wp\/v2\/posts\/8378"}],"curies":[{"name":"wp","href":"https:\/\/api.w.org\/{rel}","templated":true}]}}

<!-- This site is optimized with the Yoast SEO plugin v26.1.1 - https://yoast.com/wordpress/plugins/seo/ -->
<title>Bois_de_Hal-10 - 1001 Voyages Gourmands</title>
<meta name="robots" content="index, follow, max-snippet:-1, max-image-preview:large, max-video-preview:-1" />
<link rel="canonical" href="https://1001voyagesgourmands.com/cs/mysticky-les-bois-de-hal/bois_de_hal-10/" />
<meta property="og:locale" content="cs_CZ" />
<meta property="og:type" content="article" />
<meta property="og:title" content="Bois_de_Hal-10 - 1001 Voyages Gourmands" />
<meta property="og:description" content="Pár kilometrů od Bruselu najdete jedinečný les Hallerbos (holandsky) neboli Bois de Hal (francouzsky), který se na konci dubna mění v mystické místo &#8211; tisíce modrých zvonků tu vytvoří modrý květinový koberec." />
<meta property="og:url" content="https://1001voyagesgourmands.com/cs/mysticky-les-bois-de-hal/bois_de_hal-10/" />
<meta property="og:site_name" content="1001 Voyages Gourmands" />
<meta property="article:publisher" content="https://www.facebook.com/1001voyagesgourmands" />
<meta property="article:modified_time" content="2016-04-25T16:37:06+00:00" />
<meta property="og:image" content="https://1001voyagesgourmands.com/wp-content/uploads/2016/04/Bois_de_Hal-10.jpg" />
	<meta property="og:image:width" content="800" />
	<meta property="og:image:height" content="530" />
	<meta property="og:image:type" content="image/jpeg" />
<meta name="twitter:card" content="summary_large_image" />
<meta name="twitter:site" content="@michaela_1001vg" />
<script type="application/ld+json" class="yoast-schema-graph">{"@context":"https://schema.org","@graph":[{"@type":"WebPage","@id":"https://1001voyagesgourmands.com/cs/mysticky-les-bois-de-hal/bois_de_hal-10/","url":"https://1001voyagesgourmands.com/cs/mysticky-les-bois-de-hal/bois_de_hal-10/","name":"Bois_de_Hal-10 - 1001 Voyages Gourmands","isPartOf":{"@id":"https://1001voyagesgourmands.com/cs/#website"},"datePublished":"2016-04-25T06:11:46+00:00","dateModified":"2016-04-25T16:37:06+00:00","breadcrumb":{"@id":"https://1001voyagesgourmands.com/cs/mysticky-les-bois-de-hal/bois_de_hal-10/#breadcrumb"},"inLanguage":"cs","potentialAction":[{"@type":"ReadAction","target":["https://1001voyagesgourmands.com/cs/mysticky-les-bois-de-hal/bois_de_hal-10/"]}]},{"@type":"BreadcrumbList","@id":"https://1001voyagesgourmands.com/cs/mysticky-les-bois-de-hal/bois_de_hal-10/#breadcrumb","itemListElement":[{"@type":"ListItem","position":1,"name":"Domů","item":"https://1001voyagesgourmands.com/cs/"},{"@type":"ListItem","position":2,"name":"Mystický les Bois de Hal","item":"https://1001voyagesgourmands.com/cs/mysticky-les-bois-de-hal/"},{"@type":"ListItem","position":3,"name":"Bois_de_Hal-10"}]},{"@type":"WebSite","@id":"https://1001voyagesgourmands.com/cs/#website","url":"https://1001voyagesgourmands.com/cs/","name":"1001 Voyages Gourmands","description":"Food | Travel | Photography","potentialAction":[{"@type":"SearchAction","target":{"@type":"EntryPoint","urlTemplate":"https://1001voyagesgourmands.com/cs/?s={search_term_string}"},"query-input":{"@type":"PropertyValueSpecification","valueRequired":true,"valueName":"search_term_string"}}],"inLanguage":"cs"}]}</script>
<!-- / Yoast SEO plugin. -->

Pár kilometrů od Bruselu najdete jedinečný les Hallerbos (holandsky) neboli Bois de Hal (francouzsky), který se na konci dubna mění v mystické místo &#8211; tisíce modrých zvonků tu vytvoří modrý květinový koberec.

Domů

Mystický les Bois de Hal

<p class="attachment"><a href='https://1001voyagesgourmands.com/wp-content/uploads/2016/04/Bois_de_Hal-10.jpg' data-rel="penci-gallery-image-content" ><img loading="lazy" decoding="async" width="300" height="199" src="https://1001voyagesgourmands.com/wp-content/uploads/2016/04/Bois_de_Hal-10-300x199.jpg" class="attachment-medium size-medium" alt="Pár kilometrů od Bruselu najdete jedinečný les Hallerbos (holandsky) neboli Bois de Hal (francouzsky), který se na konci dubna mění v mystické místo - tisíce modrých zvonků tu vytvoří modrý květinový koberec." srcset="https://1001voyagesgourmands.com/wp-content/uploads/2016/04/Bois_de_Hal-10-300x199.jpg 300w, https://1001voyagesgourmands.com/wp-content/uploads/2016/04/Bois_de_Hal-10-768x509.jpg 768w, https://1001voyagesgourmands.com/wp-content/uploads/2016/04/Bois_de_Hal-10-780x516.jpg 780w, https://1001voyagesgourmands.com/wp-content/uploads/2016/04/Bois_de_Hal-10-585x388.jpg 585w, https://1001voyagesgourmands.com/wp-content/uploads/2016/04/Bois_de_Hal-10-263x175.jpg 263w, https://1001voyagesgourmands.com/wp-content/uploads/2016/04/Bois_de_Hal-10.jpg 800w" sizes="auto, (max-width: 300px) 100vw, 300px" /></a></p>
<p>Pár kilometrů od Bruselu najdete jedinečný les Hallerbos (holandsky) neboli Bois de Hal (francouzsky), který se na konci dubna mění v mystické místo &#8211; tisíce modrých zvonků tu vytvoří modrý květinový koberec. </p>

<p>Pár kilometrů od Bruselu najdete jedinečný les Hallerbos (holandsky) neboli Bois de Hal (francouzsky), který se na konci dubna mění v mystické místo &#8211; tisíce modrých zvonků tu vytvoří modrý květinový koberec.</p>

Pár kilometrů od Bruselu najdete jedinečný les Hallerbos (holandsky) neboli Bois de Hal (francouzsky), který se na konci dubna mění v mystické místo - tisíce modrých zvonků tu vytvoří modrý květinový koberec.
