{"id":31523,"date":"2024-06-24T13:23:12","date_gmt":"2024-06-24T11:23:12","guid":{"rendered":"https:\/\/1001voyagesgourmands.com\/wp-content\/uploads\/2024\/06\/202306_Oude-Rekem-29.jpg"},"modified":"2024-06-26T15:34:23","modified_gmt":"2024-06-26T13:34:23","slug":"202306_oude-rekem-29-2","status":"inherit","type":"attachment","link":"https:\/\/1001voyagesgourmands.com\/cs\/oud-rekem-jedna-z-nejkrasnejcich-vlamskych-vesnic\/202306_oude-rekem-29-2\/","title":{"rendered":"202306_Oude Rekem-29"},"author":1,"featured_media":0,"comment_status":"open","ping_status":"closed","template":"","meta":{"_exactmetrics_skip_tracking":false,"_exactmetrics_sitenote_active":false,"_exactmetrics_sitenote_note":"","_exactmetrics_sitenote_category":0,"_lmt_disableupdate":"","_lmt_disable":""},"class_list":["post-31523","attachment","type-attachment","status-inherit","hentry"],"yoast_head":"<!-- This site is optimized with the Yoast SEO plugin v26.1.1 - https:\/\/yoast.com\/wordpress\/plugins\/seo\/ -->\n<title>202306_Oude Rekem-29 - 1001 Voyages Gourmands<\/title>\n<meta name=\"robots\" content=\"index, follow, max-snippet:-1, max-image-preview:large, max-video-preview:-1\" \/>\n<link rel=\"canonical\" href=\"https:\/\/1001voyagesgourmands.com\/cs\/oud-rekem-jedna-z-nejkrasnejcich-vlamskych-vesnic\/202306_oude-rekem-29-2\/\" \/>\n<meta property=\"og:locale\" content=\"cs_CZ\" \/>\n<meta property=\"og:type\" content=\"article\" \/>\n<meta property=\"og:title\" content=\"202306_Oude Rekem-29 - 1001 Voyages Gourmands\" \/>\n<meta property=\"og:url\" content=\"https:\/\/1001voyagesgourmands.com\/cs\/oud-rekem-jedna-z-nejkrasnejcich-vlamskych-vesnic\/202306_oude-rekem-29-2\/\" \/>\n<meta property=\"og:site_name\" content=\"1001 Voyages Gourmands\" \/>\n<meta property=\"article:publisher\" content=\"https:\/\/www.facebook.com\/1001voyagesgourmands\" \/>\n<meta property=\"article:modified_time\" content=\"2024-06-26T13:34:23+00:00\" \/>\n<meta property=\"og:image\" content=\"https:\/\/1001voyagesgourmands.com\/wp-content\/uploads\/2024\/06\/202306_Oude-Rekem-29.jpg\" \/>\n\t<meta property=\"og:image:width\" content=\"1135\" \/>\n\t<meta property=\"og:image:height\" content=\"1700\" \/>\n\t<meta property=\"og:image:type\" content=\"image\/jpeg\" \/>\n<meta name=\"twitter:card\" content=\"summary_large_image\" \/>\n<meta name=\"twitter:site\" content=\"@michaela_1001vg\" \/>\n<script type=\"application\/ld+json\" class=\"yoast-schema-graph\">{\"@context\":\"https:\/\/schema.org\",\"@graph\":[{\"@type\":\"WebPage\",\"@id\":\"https:\/\/1001voyagesgourmands.com\/cs\/oud-rekem-jedna-z-nejkrasnejcich-vlamskych-vesnic\/202306_oude-rekem-29-2\/\",\"url\":\"https:\/\/1001voyagesgourmands.com\/cs\/oud-rekem-jedna-z-nejkrasnejcich-vlamskych-vesnic\/202306_oude-rekem-29-2\/\",\"name\":\"202306_Oude Rekem-29 - 1001 Voyages Gourmands\",\"isPartOf\":{\"@id\":\"https:\/\/1001voyagesgourmands.com\/cs\/#website\"},\"datePublished\":\"2024-06-24T11:23:12+00:00\",\"dateModified\":\"2024-06-26T13:34:23+00:00\",\"breadcrumb\":{\"@id\":\"https:\/\/1001voyagesgourmands.com\/cs\/oud-rekem-jedna-z-nejkrasnejcich-vlamskych-vesnic\/202306_oude-rekem-29-2\/#breadcrumb\"},\"inLanguage\":\"cs\",\"potentialAction\":[{\"@type\":\"ReadAction\",\"target\":[\"https:\/\/1001voyagesgourmands.com\/cs\/oud-rekem-jedna-z-nejkrasnejcich-vlamskych-vesnic\/202306_oude-rekem-29-2\/\"]}]},{\"@type\":\"BreadcrumbList\",\"@id\":\"https:\/\/1001voyagesgourmands.com\/cs\/oud-rekem-jedna-z-nejkrasnejcich-vlamskych-vesnic\/202306_oude-rekem-29-2\/#breadcrumb\",\"itemListElement\":[{\"@type\":\"ListItem\",\"position\":1,\"name\":\"Dom\u016f\",\"item\":\"https:\/\/1001voyagesgourmands.com\/cs\/\"},{\"@type\":\"ListItem\",\"position\":2,\"name\":\"Oud-Rekem &#8211; Jedna z nejkr\u00e1sn\u011bjc\u00edch vl\u00e1msk\u00fdch vesnic\",\"item\":\"https:\/\/1001voyagesgourmands.com\/cs\/oud-rekem-jedna-z-nejkrasnejcich-vlamskych-vesnic\/\"},{\"@type\":\"ListItem\",\"position\":3,\"name\":\"202306_Oude Rekem-29\"}]},{\"@type\":\"WebSite\",\"@id\":\"https:\/\/1001voyagesgourmands.com\/cs\/#website\",\"url\":\"https:\/\/1001voyagesgourmands.com\/cs\/\",\"name\":\"1001 Voyages Gourmands\",\"description\":\"Food | Travel | Photography\",\"potentialAction\":[{\"@type\":\"SearchAction\",\"target\":{\"@type\":\"EntryPoint\",\"urlTemplate\":\"https:\/\/1001voyagesgourmands.com\/cs\/?s={search_term_string}\"},\"query-input\":{\"@type\":\"PropertyValueSpecification\",\"valueRequired\":true,\"valueName\":\"search_term_string\"}}],\"inLanguage\":\"cs\"}]}<\/script>\n<!-- \/ Yoast SEO plugin. -->","yoast_head_json":{"title":"202306_Oude Rekem-29 - 1001 Voyages Gourmands","robots":{"index":"index","follow":"follow","max-snippet":"max-snippet:-1","max-image-preview":"max-image-preview:large","max-video-preview":"max-video-preview:-1"},"canonical":"https:\/\/1001voyagesgourmands.com\/cs\/oud-rekem-jedna-z-nejkrasnejcich-vlamskych-vesnic\/202306_oude-rekem-29-2\/","og_locale":"cs_CZ","og_type":"article","og_title":"202306_Oude Rekem-29 - 1001 Voyages Gourmands","og_url":"https:\/\/1001voyagesgourmands.com\/cs\/oud-rekem-jedna-z-nejkrasnejcich-vlamskych-vesnic\/202306_oude-rekem-29-2\/","og_site_name":"1001 Voyages Gourmands","article_publisher":"https:\/\/www.facebook.com\/1001voyagesgourmands","article_modified_time":"2024-06-26T13:34:23+00:00","og_image":[{"width":1135,"height":1700,"url":"https:\/\/1001voyagesgourmands.com\/wp-content\/uploads\/2024\/06\/202306_Oude-Rekem-29.jpg","type":"image\/jpeg"}],"twitter_card":"summary_large_image","twitter_site":"@michaela_1001vg","schema":{"@context":"https:\/\/schema.org","@graph":[{"@type":"WebPage","@id":"https:\/\/1001voyagesgourmands.com\/cs\/oud-rekem-jedna-z-nejkrasnejcich-vlamskych-vesnic\/202306_oude-rekem-29-2\/","url":"https:\/\/1001voyagesgourmands.com\/cs\/oud-rekem-jedna-z-nejkrasnejcich-vlamskych-vesnic\/202306_oude-rekem-29-2\/","name":"202306_Oude Rekem-29 - 1001 Voyages Gourmands","isPartOf":{"@id":"https:\/\/1001voyagesgourmands.com\/cs\/#website"},"datePublished":"2024-06-24T11:23:12+00:00","dateModified":"2024-06-26T13:34:23+00:00","breadcrumb":{"@id":"https:\/\/1001voyagesgourmands.com\/cs\/oud-rekem-jedna-z-nejkrasnejcich-vlamskych-vesnic\/202306_oude-rekem-29-2\/#breadcrumb"},"inLanguage":"cs","potentialAction":[{"@type":"ReadAction","target":["https:\/\/1001voyagesgourmands.com\/cs\/oud-rekem-jedna-z-nejkrasnejcich-vlamskych-vesnic\/202306_oude-rekem-29-2\/"]}]},{"@type":"BreadcrumbList","@id":"https:\/\/1001voyagesgourmands.com\/cs\/oud-rekem-jedna-z-nejkrasnejcich-vlamskych-vesnic\/202306_oude-rekem-29-2\/#breadcrumb","itemListElement":[{"@type":"ListItem","position":1,"name":"Dom\u016f","item":"https:\/\/1001voyagesgourmands.com\/cs\/"},{"@type":"ListItem","position":2,"name":"Oud-Rekem &#8211; Jedna z nejkr\u00e1sn\u011bjc\u00edch vl\u00e1msk\u00fdch vesnic","item":"https:\/\/1001voyagesgourmands.com\/cs\/oud-rekem-jedna-z-nejkrasnejcich-vlamskych-vesnic\/"},{"@type":"ListItem","position":3,"name":"202306_Oude Rekem-29"}]},{"@type":"WebSite","@id":"https:\/\/1001voyagesgourmands.com\/cs\/#website","url":"https:\/\/1001voyagesgourmands.com\/cs\/","name":"1001 Voyages Gourmands","description":"Food | Travel | Photography","potentialAction":[{"@type":"SearchAction","target":{"@type":"EntryPoint","urlTemplate":"https:\/\/1001voyagesgourmands.com\/cs\/?s={search_term_string}"},"query-input":{"@type":"PropertyValueSpecification","valueRequired":true,"valueName":"search_term_string"}}],"inLanguage":"cs"}]}},"description":{"rendered":"<p class=\"attachment\"><a href='https:\/\/1001voyagesgourmands.com\/wp-content\/uploads\/2024\/06\/202306_Oude-Rekem-29.jpg' data-rel=\"penci-gallery-image-content\" ><img loading=\"lazy\" decoding=\"async\" width=\"200\" height=\"300\" src=\"https:\/\/1001voyagesgourmands.com\/wp-content\/uploads\/2024\/06\/202306_Oude-Rekem-29-200x300.jpg\" class=\"attachment-medium size-medium\" alt=\"Today I will take you to one of the most authentic villages in Flanders which brings you back in time a few hundreds years - Oud-Rekem.\" srcset=\"https:\/\/1001voyagesgourmands.com\/wp-content\/uploads\/2024\/06\/202306_Oude-Rekem-29-200x300.jpg 200w, https:\/\/1001voyagesgourmands.com\/wp-content\/uploads\/2024\/06\/202306_Oude-Rekem-29-768x1150.jpg 768w, https:\/\/1001voyagesgourmands.com\/wp-content\/uploads\/2024\/06\/202306_Oude-Rekem-29-1026x1536.jpg 1026w, https:\/\/1001voyagesgourmands.com\/wp-content\/uploads\/2024\/06\/202306_Oude-Rekem-29-585x876.jpg 585w, https:\/\/1001voyagesgourmands.com\/wp-content\/uploads\/2024\/06\/202306_Oude-Rekem-29.jpg 1135w\" sizes=\"auto, (max-width: 200px) 100vw, 200px\" \/><\/a><\/p>\n"},"caption":{"rendered":""},"alt_text":"Today I will take you to one of the most authentic villages in Flanders which brings you back in time a few hundreds years - Oud-Rekem.","media_type":"image","mime_type":"image\/jpeg","media_details":{"width":1135,"height":1700,"file":"2024\/06\/202306_Oude-Rekem-29.jpg","filesize":189361,"sizes":{"medium":{"file":"202306_Oude-Rekem-29-200x300.jpg","width":200,"height":300,"filesize":37706,"mime_type":"image\/jpeg","source_url":"https:\/\/1001voyagesgourmands.com\/wp-content\/uploads\/2024\/06\/202306_Oude-Rekem-29-200x300.jpg"},"thumbnail":{"file":"202306_Oude-Rekem-29-800x530.jpg","width":800,"height":530,"filesize":128853,"mime_type":"image\/jpeg","source_url":"https:\/\/1001voyagesgourmands.com\/wp-content\/uploads\/2024\/06\/202306_Oude-Rekem-29-800x530.jpg"},"medium_large":{"file":"202306_Oude-Rekem-29-768x1150.jpg","width":768,"height":1150,"filesize":214853,"mime_type":"image\/jpeg","source_url":"https:\/\/1001voyagesgourmands.com\/wp-content\/uploads\/2024\/06\/202306_Oude-Rekem-29-768x1150.jpg"},"1536x1536":{"file":"202306_Oude-Rekem-29-1026x1536.jpg","width":1026,"height":1536,"filesize":339199,"mime_type":"image\/jpeg","source_url":"https:\/\/1001voyagesgourmands.com\/wp-content\/uploads\/2024\/06\/202306_Oude-Rekem-29-1026x1536.jpg"},"penci-slider-full-thumb":{"file":"202306_Oude-Rekem-29-1135x800.jpg","width":1135,"height":800,"filesize":227174,"mime_type":"image\/jpeg","source_url":"https:\/\/1001voyagesgourmands.com\/wp-content\/uploads\/2024\/06\/202306_Oude-Rekem-29-1135x800.jpg"},"penci-slider-thumb":{"file":"202306_Oude-Rekem-29-1135x663.jpg","width":1135,"height":663,"filesize":198771,"mime_type":"image\/jpeg","source_url":"https:\/\/1001voyagesgourmands.com\/wp-content\/uploads\/2024\/06\/202306_Oude-Rekem-29-1135x663.jpg"},"penci-magazine-slider":{"file":"202306_Oude-Rekem-29-780x516.jpg","width":780,"height":516,"filesize":124324,"mime_type":"image\/jpeg","source_url":"https:\/\/1001voyagesgourmands.com\/wp-content\/uploads\/2024\/06\/202306_Oude-Rekem-29-780x516.jpg"},"penci-thumb":{"file":"202306_Oude-Rekem-29-585x390.jpg","width":585,"height":390,"filesize":82547,"mime_type":"image\/jpeg","source_url":"https:\/\/1001voyagesgourmands.com\/wp-content\/uploads\/2024\/06\/202306_Oude-Rekem-29-585x390.jpg"},"penci-masonry-thumb":{"file":"202306_Oude-Rekem-29-585x876.jpg","width":585,"height":876,"filesize":141751,"mime_type":"image\/jpeg","source_url":"https:\/\/1001voyagesgourmands.com\/wp-content\/uploads\/2024\/06\/202306_Oude-Rekem-29-585x876.jpg"},"penci-thumb-square":{"file":"202306_Oude-Rekem-29-585x585.jpg","width":585,"height":585,"filesize":107676,"mime_type":"image\/jpeg","source_url":"https:\/\/1001voyagesgourmands.com\/wp-content\/uploads\/2024\/06\/202306_Oude-Rekem-29-585x585.jpg"},"penci-thumb-vertical":{"file":"202306_Oude-Rekem-29-480x650.jpg","width":480,"height":650,"filesize":98264,"mime_type":"image\/jpeg","source_url":"https:\/\/1001voyagesgourmands.com\/wp-content\/uploads\/2024\/06\/202306_Oude-Rekem-29-480x650.jpg"},"penci-thumb-small":{"file":"202306_Oude-Rekem-29-263x175.jpg","width":263,"height":175,"filesize":34703,"mime_type":"image\/jpeg","source_url":"https:\/\/1001voyagesgourmands.com\/wp-content\/uploads\/2024\/06\/202306_Oude-Rekem-29-263x175.jpg"},"full":{"file":"202306_Oude-Rekem-29.jpg","width":1135,"height":1700,"mime_type":"image\/jpeg","source_url":"https:\/\/1001voyagesgourmands.com\/wp-content\/uploads\/2024\/06\/202306_Oude-Rekem-29.jpg"}},"image_meta":{"aperture":"0","credit":"","camera":"","caption":"","created_timestamp":"0","copyright":"MICHAELA DORFLEROVA","focal_length":"0","iso":"0","shutter_speed":"0","title":"","orientation":"0","keywords":[]}},"post":31548,"source_url":"https:\/\/1001voyagesgourmands.com\/wp-content\/uploads\/2024\/06\/202306_Oude-Rekem-29.jpg","_links":{"self":[{"href":"https:\/\/1001voyagesgourmands.com\/cs\/wp-json\/wp\/v2\/media\/31523","targetHints":{"allow":["GET"]}}],"collection":[{"href":"https:\/\/1001voyagesgourmands.com\/cs\/wp-json\/wp\/v2\/media"}],"about":[{"href":"https:\/\/1001voyagesgourmands.com\/cs\/wp-json\/wp\/v2\/types\/attachment"}],"author":[{"embeddable":true,"href":"https:\/\/1001voyagesgourmands.com\/cs\/wp-json\/wp\/v2\/users\/1"}],"replies":[{"embeddable":true,"href":"https:\/\/1001voyagesgourmands.com\/cs\/wp-json\/wp\/v2\/comments?post=31523"}],"wp:attached-to":[{"embeddable":true,"post_type":"post","id":31548,"href":"https:\/\/1001voyagesgourmands.com\/cs\/wp-json\/wp\/v2\/posts\/31548"}],"curies":[{"name":"wp","href":"https:\/\/api.w.org\/{rel}","templated":true}]}}

<!-- This site is optimized with the Yoast SEO plugin v26.1.1 - https://yoast.com/wordpress/plugins/seo/ -->
<title>202306_Oude Rekem-29 - 1001 Voyages Gourmands</title>
<meta name="robots" content="index, follow, max-snippet:-1, max-image-preview:large, max-video-preview:-1" />
<link rel="canonical" href="https://1001voyagesgourmands.com/cs/oud-rekem-jedna-z-nejkrasnejcich-vlamskych-vesnic/202306_oude-rekem-29-2/" />
<meta property="og:locale" content="cs_CZ" />
<meta property="og:type" content="article" />
<meta property="og:title" content="202306_Oude Rekem-29 - 1001 Voyages Gourmands" />
<meta property="og:url" content="https://1001voyagesgourmands.com/cs/oud-rekem-jedna-z-nejkrasnejcich-vlamskych-vesnic/202306_oude-rekem-29-2/" />
<meta property="og:site_name" content="1001 Voyages Gourmands" />
<meta property="article:publisher" content="https://www.facebook.com/1001voyagesgourmands" />
<meta property="article:modified_time" content="2024-06-26T13:34:23+00:00" />
<meta property="og:image" content="https://1001voyagesgourmands.com/wp-content/uploads/2024/06/202306_Oude-Rekem-29.jpg" />
	<meta property="og:image:width" content="1135" />
	<meta property="og:image:height" content="1700" />
	<meta property="og:image:type" content="image/jpeg" />
<meta name="twitter:card" content="summary_large_image" />
<meta name="twitter:site" content="@michaela_1001vg" />
<script type="application/ld+json" class="yoast-schema-graph">{"@context":"https://schema.org","@graph":[{"@type":"WebPage","@id":"https://1001voyagesgourmands.com/cs/oud-rekem-jedna-z-nejkrasnejcich-vlamskych-vesnic/202306_oude-rekem-29-2/","url":"https://1001voyagesgourmands.com/cs/oud-rekem-jedna-z-nejkrasnejcich-vlamskych-vesnic/202306_oude-rekem-29-2/","name":"202306_Oude Rekem-29 - 1001 Voyages Gourmands","isPartOf":{"@id":"https://1001voyagesgourmands.com/cs/#website"},"datePublished":"2024-06-24T11:23:12+00:00","dateModified":"2024-06-26T13:34:23+00:00","breadcrumb":{"@id":"https://1001voyagesgourmands.com/cs/oud-rekem-jedna-z-nejkrasnejcich-vlamskych-vesnic/202306_oude-rekem-29-2/#breadcrumb"},"inLanguage":"cs","potentialAction":[{"@type":"ReadAction","target":["https://1001voyagesgourmands.com/cs/oud-rekem-jedna-z-nejkrasnejcich-vlamskych-vesnic/202306_oude-rekem-29-2/"]}]},{"@type":"BreadcrumbList","@id":"https://1001voyagesgourmands.com/cs/oud-rekem-jedna-z-nejkrasnejcich-vlamskych-vesnic/202306_oude-rekem-29-2/#breadcrumb","itemListElement":[{"@type":"ListItem","position":1,"name":"Domů","item":"https://1001voyagesgourmands.com/cs/"},{"@type":"ListItem","position":2,"name":"Oud-Rekem &#8211; Jedna z nejkrásnějcích vlámských vesnic","item":"https://1001voyagesgourmands.com/cs/oud-rekem-jedna-z-nejkrasnejcich-vlamskych-vesnic/"},{"@type":"ListItem","position":3,"name":"202306_Oude Rekem-29"}]},{"@type":"WebSite","@id":"https://1001voyagesgourmands.com/cs/#website","url":"https://1001voyagesgourmands.com/cs/","name":"1001 Voyages Gourmands","description":"Food | Travel | Photography","potentialAction":[{"@type":"SearchAction","target":{"@type":"EntryPoint","urlTemplate":"https://1001voyagesgourmands.com/cs/?s={search_term_string}"},"query-input":{"@type":"PropertyValueSpecification","valueRequired":true,"valueName":"search_term_string"}}],"inLanguage":"cs"}]}</script>
<!-- / Yoast SEO plugin. -->

Domů

Oud-Rekem &#8211; Jedna z nejkrásnějcích vlámských vesnic
